{"id":2248,"date":"2024-03-08T13:04:18","date_gmt":"2024-03-08T13:04:18","guid":{"rendered":"https:\/\/sahin.rateltech.com\/?page_id=2248"},"modified":"2024-03-08T15:12:34","modified_gmt":"2024-03-08T15:12:34","slug":"about-us-3","status":"publish","type":"page","link":"https:\/\/sahin.rateltech.com\/index.php\/en\/about-us-3\/","title":{"rendered":"ABOUT US"},"content":{"rendered":"<div class=\"wpb-content-wrapper\"><p>[vc_row][vc_column][vc_row_inner css=&#8221;.vc_custom_1449140720718{margin-bottom: 0px !important;}&#8221;][vc_column_inner offset=&#8221;vc_hidden-xs&#8221; css=&#8221;.vc_custom_1449140656921{margin-bottom: 80px !important;}&#8221;][rev_slider_vc alias=&#8221;about_us_slider&#8221;][vc_column_text css=&#8221;.vc_custom_1709903162204{margin-bottom: 30px !important;}&#8221;]<\/p>\n<p class=\"p1\"><strong>ABOUT US<\/strong><\/p>\n<p class=\"p1\">Mehmet \u015eahin \u00c7AKAN, who has been serving in many areas of the fisheries sector since 1989, established his own transportation company in 2005. Thus, he started to transport the fish supplied by the fishing vessels by the cold chain through his own fleet. In 2007, he established Mehmet \u015eahin \u00c7akan Bal\u0131k\u00e7\u0131l\u0131k Ltd. Co. with only one fishing vessel and continues his activities with a fishing fleet of more than 100 boats.<\/p>\n<p class=\"p1\">Mehmet \u015eahin \u00c7akan, who established the Cold Storage Facility and Fish Processing Factory in 2012, expanded and modernized the Fish Processing Factory in 2016 and started exporting to many countries including Greece, Italy, People&#8217;s Republic of China, Belgium, France, Kuwait, Qatar, Lebanon and the Turkish Republic of Northern Cyprus, respectively. He aims to increase his share in the European seafood market by collaborating with the Fishmate Company operating in Belgium since 2023.<\/p>\n<p class=\"p1\">While continuing his commercial activities, \u00c7akan also plays an active role in economic and social responsibility organizations that contribute to the fisheries and aquaculture sectors. Mehmet \u015eahin \u00c7AKAN, who was elected as the President of the \u0130zmir Fisherman Businessmen Association in 2010, was elected as a member of the \u0130zmir Chamber of Commerce Council in 2013 and to the Board Member of the \u0130zmir Chamber of Commerce in 2018. He has been the Chairman of the Izmir Fisheries Working Group since 2018 and the Chairman of the Agriculture Commission of the Izmir Chamber of Commerce since 2022. He has been a Member of the Izmir University of Economics Foundation Board of Trustees since 2020, and a Member of the Aegean Exporters&#8217; Association Animal Products Board of Directors since 2022. He has been serving as the Chairman of the Board of Directors of Dikili Agriculture-Based Specialized Greenhouse (Geothermal Sourced) Organized Industrial Zone for a year.<\/p>\n<p class=\"p1\">Aiming to serve wider geographies with its natural and quality products by increasing product diversity in the fishing industry, Mehmet \u015eahin \u00c7AKAN, within the \u015eahin Group, continues to provide integrated services with fisheries, logistics, wholesale, cold storage, processing and especially export-oriented distribution and marketing activities.<\/p>\n<p>[\/vc_column_text][\/vc_column_inner][\/vc_row_inner][\/vc_column][\/vc_row]<\/p>\n<\/div>","protected":false},"excerpt":{"rendered":"<p>[vc_row][vc_column][vc_row_inner css=&#8221;.vc_custom_1449140720718{margin-bottom: 0px !important;}&#8221;][vc_column_inner offset=&#8221;vc_hidden-xs&#8221; css=&#8221;.vc_custom_1449140656921{margin-bottom: 80px !important;}&#8221;][rev_slider_vc alias=&#8221;about_us_slider&#8221;][vc_column_text css=&#8221;.vc_custom_1709903162204{margin-bottom: 30px !important;}&#8221;] ABOUT US Mehmet \u015eahin \u00c7AKAN, who has been serving in many areas of the fisheries sector since 1989, established his own&#8230;<\/p>\n","protected":false},"author":3,"featured_media":0,"parent":0,"menu_order":0,"comment_status":"closed","ping_status":"closed","template":"","meta":{"inline_featured_image":false,"footnotes":""},"class_list":["post-2248","page","type-page","status-publish","hentry"],"_links":{"self":[{"href":"https:\/\/sahin.rateltech.com\/index.php\/wp-json\/wp\/v2\/pages\/2248","targetHints":{"allow":["GET"]}}],"collection":[{"href":"https:\/\/sahin.rateltech.com\/index.php\/wp-json\/wp\/v2\/pages"}],"about":[{"href":"https:\/\/sahin.rateltech.com\/index.php\/wp-json\/wp\/v2\/types\/page"}],"author":[{"embeddable":true,"href":"https:\/\/sahin.rateltech.com\/index.php\/wp-json\/wp\/v2\/users\/3"}],"replies":[{"embeddable":true,"href":"https:\/\/sahin.rateltech.com\/index.php\/wp-json\/wp\/v2\/comments?post=2248"}],"version-history":[{"count":4,"href":"https:\/\/sahin.rateltech.com\/index.php\/wp-json\/wp\/v2\/pages\/2248\/revisions"}],"predecessor-version":[{"id":2323,"href":"https:\/\/sahin.rateltech.com\/index.php\/wp-json\/wp\/v2\/pages\/2248\/revisions\/2323"}],"wp:attachment":[{"href":"https:\/\/sahin.rateltech.com\/index.php\/wp-json\/wp\/v2\/media?parent=2248"}],"curies":[{"name":"wp","href":"https:\/\/api.w.org\/{rel}","templated":true}]}}